the remainder when q is divided by d?
1
Let i(r) = -3*r**2 - 107*r - 13. What is the remainder when i(-32) is divided by 117?
105
Calculate the remainder when (4/10)/(-2*2/(-160)) is divided by 5.
1
Calculate the remainder when 39 is divided by 1/(((-3)/6)/((-63)/18)).
4
Let u = -56 - -108. Calculate the remainder when u is divided by (2/(-3))/(56/252) + 21.
16
Let y(f) = 4*f**2 - 2*f + 1. Let u be y(1). Suppose 8*g - u*g - 240 = 0. Let m = 32 - 15. What is the remainder when g is divided by m?
14
Suppose -765 = -5*o + 2*m, 4*m = o - 4*o + 433. Calculate the remainder when o is divided by 79.
72
Let p = -230 - -272. Calculate the remainder when 250 is divided by p.
40
Let f be (12/3)/1 - 218/(-2). Let a = -26 + f. What is the remainder when a is divided by 11?
10
Let i be -2 + (2 + -1 - -3). Suppose 2*m + 51 = 5*b, -2*b + 16 = i*m + 4. Suppose s - 4*s + b = 0. What is the remainder when 15 is divided by s?
0
What is the remainder when 60/45 - 629/(-3) is divided by 49?
15
Let z(p) = 1 - 350*p + p**2 + 10 + 360*p. What is the remainder when (2 + -1)/((-3)/(-63)) is divided by z(-10)?
10
Let g(w) = 3*w**2 - 166*w + 152. What is the remainder when g(58) is divided by 20?
16
What is the remainder when 202 is divided by (-1 - -12) + (-108)/18?
2
Suppose 5*k + 3 = 2*k, 3*v - k = 61. Calculate the remainder when v is divided by 7.
6
What is the remainder when 184 is divided by (322/(-46))/(1/(-1))?
2
Let a = 2171 + 3971. Suppose a = 17*x + 2504. Calculate the remainder when x is divided by 24.
22
Let z be 0 + (-1 - 1) + -36. Let g = -14 - z. Let s = -1621 - -1668. What is the remainder when s is divided by g?
23
Let h(d) = -d**3 + 8*d**2 + 19*d + 2. What is the remainder when h(9) is divided by 24?
20
Suppose -475*u + 478*u = 501. What is the remainder when u is divided by 43?
38
Let d be 8/(-52) - 951/(-13). Suppose -q = -p + 55 + d, -4*p - 4*q + 528 = 0. What is the remainder when p is divided by 19?
16
Let h(s) = -s**3 + 6*s**2 - 2*s - 8. Let q be 0 + 0 - (-1 + -4). Let f = 3 - 1. Calculate the remainder when h(q) is divided by f.
1
Let h = -130 + 134. Let p be ((-2)/(-8))/(4/(-16)). Let j(f) = 23*f**2. Calculate the remainder when j(p) is divided by h.
3
Suppose 5*z = w + 38, 0 = -5*w + 4*z - 5 - 101. Let o = -12 - w. Let u(v) = 3*v**3 - v**2 + v - 1. What is the remainder when u(2) is divided by o?
3
Suppose -3*f - 374 = -2*k - 0*f, 4*f = 3*k - 563. What is the remainder when k is divided by 18?
13
Let f(i) = -10*i + 143. Calculate the remainder when f(-22) is divided by 26.
25
Suppose -5*y + 3*b + 5 = 26, -3*y - 6 = -4*b. Let u(p) = -6*p. Calculate the remainder when u(-3) is divided by 8*(-3)/18*45/y.
8
Suppose -z + 0 + 2 = 0. Suppose 3*q = -z*m - 2, 0 = 4*m + 3*q + 2*q. Suppose m*g + 2*i = 289, -g + i = -0*i - 62. What is the remainder when g is divided by 20?
19
What is the remainder when (10 + (-92)/10)/((-2)/(-10)) is divided by 4?
0
Let h(s) = s**3 - 3*s**2 - 5*s + 6. Let k be h(4). Let p be -3*(-1)/k*8. What is the remainder when 38 is divided by p/(3 + -6) - -14?
8
Let i be -1*(12 - (4 - 1)). Let l = i + 15. What is the remainder when 16 is divided by l?
4
Suppose 0*v = -10*v + 20. Suppose -u - 11 = -4*x - 0*u, 0 = 4*x + v*u - 14. What is the remainder when 8 is divided by x?
2
Let h(c) = 4*c - 82. Calculate the remainder when 100 is divided by h(41).
18
Let v = -2 - 1. Let a be (-7 - (1 + v))/(-1). Suppose -2*c - 3*s + 32 = -0*s, -c + a*s + 3 = 0. What is the remainder when 51 is divided by c?
12
Let a(x) = x**3 + 3*x**2 - 56*x + 14. What is the remainder when a(-9) is divided by 11?
10
Let t(x) be the second derivative of 5*x**3/2 - 19*x**2/2 - 2*x. Calculate the remainder when t(8) is divided by 34.
33
Suppose -2*q - 128 = -5*d, 3*d - 82 = -2*q - 2*q. Let a(f) = -2*f + 18. What is the remainder when d is divided by a(8)?
0
Let h(c) = 6*c**3 + 71*c**2 - 14*c. Calculate the remainder when 116 is divided by h(-12).
20
Calculate the remainder when (-5 - 198/(-42)) + (-216)/(-21) is divided by 7.
3
Let f(a) be the second derivative of 5*a**3/6 - 5*a**2/2 - 9*a. What is the remainder when 48 is divided by f(3)?
8
Let w(o) = 3*o**2 - 4*o - 28. Calculate the remainder when 375 is divided by w(5).
24
Suppose 0 = -10*f + 8*f + 292. Calculate the remainder when f is divided by 76.
70
Suppose -3*b - 2*b - 5*n = -100, -76 = -3*b + 5*n. Calculate the remainder when 307 is divided by b.
21
Suppose -6*y - 81 = 471. Let x = 112 + y. Calculate the remainder when 70 is divided by x.
10
Let k = 620 + -601. Calculate the remainder when 23 is divided by k.
4
Let o = 57 + -39. Suppose 0 = 4*f - f - 3*p - 144, 4*p = -f + 63. What is the remainder when f is divided by o?
15
Let b = 111 - 76. Suppose -b = -0*y - 5*y. Suppose -2*g - 10 = -7*g. Calculate the remainder when y is divided by g.
1
Let r = -2 + 17. Let m(a) = -4*a + 12. Let b(f) = -4*f + 11. Let t(y) = -7*b(y) + 6*m(y). What is the remainder when t(r) is divided by 14?
13
Calculate the remainder when 50 is divided by (-2)/11 - (488/(-22) - 6).
22
Let u = -2004 + 2041. What is the remainder when 132 is divided by u?
21
Let v = -860 - -903. What is the remainder when 940 is divided by v?
37
Let p(q) = -3*q + 3. Let x be p(-3). What is the remainder when 360/(-16)*x/(-10) is divided by 10?
7
Suppose -2*b + 4*a - 14 = 3*a, -4*a - 8 = 0. Calculate the remainder when 13 is divided by (-1 + (-4)/b + 1)*6.
1
Suppose -55*q - 150 = -60*q + s, 3*s - 90 = -3*q. What is the remainder when q is divided by 7?
2
Suppose 18*m - 201 = 519. What is the remainder when 123 is divided by m?
3
Let u(d) = 9*d + 268. Suppose -4*v - 5*s + s = -76, -5*v + 105 = 3*s. What is the remainder when u(-25) is divided by v?
19
Suppose 324 = g - 2*l, 1672 = 5*g + 9*l - 6*l. What is the remainder when g is divided by 16?
12
Suppose -x + 4*j = j - 109, -3*x + j = -295. Suppose 197*m = 196*m + 10. Calculate the remainder when x is divided by m.
7
Let q(d) = 91*d - 508. Calculate the remainder when (-662)/(-6) + (-10)/(-15) is divided by q(6).
35
Suppose -2215 + 127 = -12*r. What is the remainder when r is divided by 7?
6
Let h = -260 + 273. Calculate the remainder when 648 is divided by h.
11
Suppose -2*q - 4*k - 18 = -192, 4*k = q - 117. Suppose -259 = -2*m - q. What is the remainder when m is divided by 21?
18
Suppose 0 = -4*d - 3*j + 306, -5*j = 5*d - 49 - 331. What is the remainder when 232 is divided by d?
76
Let a(d) = -d**3 + 9*d**2 - 12*d + 57. Calculate the remainder when 247 is divided by a(8).
22
Let k(u) = -3*u - 6. Let a be k(4). Let q(i) = -23*i. Calculate the remainder when q(-3) is divided by (a*(3 - 1))/(-2).
15
Let m = -135 - -204. Let r be (144/(-7))/(6/(-28)). Calculate the remainder when m is divided by (r/30)/(4/(-60)*-2).
21
Let c = -159 + 170. What is the remainder when (-61)/(-2) + 1/(-2) is divided by 1*(-7)/((-7)/c)?
8
Let o = 50 - 53. What is the remainder when 37 is divided by (20/(-6) - (-9 - -12))*o?
18
Let p(j) = 3*j + 10. Suppose b = 2*m - 17, 5*m + 7*b - 10 = 3*b. Calculate the remainder when 108 is divided by p(m).
24
What is the remainder when 11*(-4 + (-34)/(-6))*6 is divided by 33?
11
Suppose 2*r - 5*y = 6*r + 60, 0 = -r - 4*y - 26. Suppose 3*v - 52 = 26. What is the remainder when v is divided by 29/4 + r/40?
5
Let x(y) = y**2 + 2*y + 4. Let i be x(0). Suppose -i*j - 29 = -1. Let s = j - -12. What is the remainder when 18 is divided by s?
3
Let j(k) = -3*k**3 - 2*k**2. Let m(b) = -b**3 - 19*b**2 - 3*b - 13. Let p be m(-19). Let u = p - 38. Calculate the remainder when j(-2) is divided by u.
4
What is the remainder when (7 - (-127820)/(-40))*2/(-7) is divided by 76?
75
Let x be (-8)/64 - 1/(-8). Suppose 2*v - 289 = -4*z - 107, x = v - 5*z - 70. Calculate the remainder when v is divided by 29.
27
Suppose 10*u - 5*u - 2*b - 89 = 0, -50 = -2*u - 4*b. Calculate the remainder when u is divided by 3.
1
Let r(t) = t**3 - 31*t**2 - 33. Let d be r(31). Let u = -20 - d. Calculate the remainder when u is divided by 7.
6
Let p(m) be the second derivative of m**5/20 + 7*m**4/12 - 7*m**3/6 + 4*m**2 - 11*m. Let s be p(-8). What is the remainder when (2 - s/3)*4 is divided by 5?
3
Suppose 0 = 5*y - 2*s - s - 71, -2*y = -5*s - 17. Suppose y + 14 = 6*w. Suppose 4*r - 4 = 8. Calculate the remainder when w is divid